0. Let u(a) = 32*a - 6 - y*a - 3 + 2. Give u(d).
-13
Let x(l) be the second derivative of -7*l**4/4 + l**3/2 + 2*l**2 - 2024*l. Calculate x(-2).
-86
Let o(y) = -322*y + 83*y + 84*y + 82*y + 13 + 77*y. Calculate o(-3).
1
Let t = 42 + -64. Let i = 25 + t. Let h(n) = -n**i - 51*n**2 - 47*n**2 + 103*n**2 + n. Determine h(4).
20
Let v(c) = c**3 + 4*c**2 - 5. Let q(u) = -5*u**3 - u**2 + 3*u + 4. Let k be q(-1). Suppose -25 = k*z, -2*o - 3*z - 19 = -o. Give v(o).
-5
Let q(s) be the first derivative of -57 - 3*s - 1/4*s**4 - 1/3*s**3 - 2*s**2. Give q(-3).
27
Let f(t) be the second derivative of 5*t**3/3 + t**2/2 + t + 3. Determine f(-5).
-49
Let h be -1*3 - ((-24)/(-6) - 9). Let d(r) = -2*r**3 + 5*r**2 - 3*r + 5. Give d(h).
3
Let p(z) = 2 - 13*z - 12*z**2 + 28*z**2 - 12*z**2. Let t(w) = -w**2 + 2*w. Let k(s) = -p(s) - 5*t(s). Determine k(-4).
2
Suppose 0 = -5*m + 10 + 10. Let t(y) = 3*y - y + 0*y + m. Suppose -1 = 539*s - 544*s - 16. Determine t(s).
-2
Let b(y) be the first derivative of -5*y**2/2 + 4*y + 6479. What is b(2)?
-6
Let t(w) = w**3 - 10*w**2 - 16*w + 60. Let k be t(11). Let h(l) = -4*l + 9. What is h(k)?
-11
Let x(h) = 3*h + 9. Let w be -2*(-5 + -8 + 16). Calculate x(w).
-9
Let k(v) = 0*v**2 - 7 - 4*v - 3*v**2 + 4*v**2. Let t be 3*(-23)/(-690)*60. Calculate k(t).
5
Let b = -403 - -405. Suppose 4 - 10 = -3*o. Let i(f) = 0*f**2 + o*f**b - 777*f - 2 + 774*f. What is i(3)?
7
Let f(n) = n**3 + 8*n**2 + 8*n + 7. Suppose 0*t = t - 246. Suppose 5*z = -z + t. Suppose z*r - 37*r + 28 = 0. What is f(r)?
0
Let b(j) = j**3 - 14*j**2 + 2*j - 19. Suppose -12*c + 12 = -8*c. Suppose 4*s + 10 = q, -2*q + 0*s + 25 = -c*s. Determine b(q).
9
Let a(n) = 4*n**2 - n - 4. Suppose -320 = 147*k - 26. Give a(k).
14
Let b(d) = -92 + 14 + 1227*d - 1221*d. Give b(17).
24
Let a(d) = -2*d + 16. Let m(j) = -133*j + 4927. Let i be m(37). What is a(i)?
4
Let w(t) = 8*t**2 - 23*t - 29. Let a(n) = -6*n**2 + 15*n + 29. Let d(i) = -3*a(i) - 2*w(i). What is d(3)?
-8
Let u(r) = r - 8. Let z(a) = -a**3 + 12*a**2 - 13*a + 12. Let i be z(10). Let y = i + -74. Suppose 0 = -3*b - 4*c + 38, -y = 4*b + 4*c - 52. Calculate u(b).
-2
Let r(q) be the first derivative of -q**6/360 + q**5/24 + q**4/12 - 2*q**3 - 36. Let m(h) be the third derivative of r(h). Give m(5).
2
Let y be (-16*(-8)/(-112))/((-22)/77). Let l(q) = q**2 - 16*q + 67. Determine l(y).
19
Let n(h) be the second derivative of -h**4/12 + 19*h**3/3 + 121*h**2/2 + 975*h. Calculate n(41).
-2
Let p(c) = -c**2 - 2*c - 10 + 10*c**2 + c**3 - 2*c**2. Suppose 0 = 2*d - 5*t - 2 - 1, -t + 21 = 5*d. Suppose -d*i = 13 + 15. Determine p(i).
4
Let p = -57 - -63. Let r(x) = 100*x**2 - 101*x**2 + p*x + 0 + 0*x - 1. Determine r(3).
8
Let l(i) = -2*i**2 - 38*i - 19. Let m(x) = x**2 + 21*x + 10. Let t(b) = -6*l(b) - 11*m(b). What is t(8)?
44
Let g(y) = 5272 - 2443 - 2834 - 5*y. Let t(h) = 2*h + 3. Let q be t(-2). What is g(q)?
0
Suppose 3*u + 10 = 25. Let t(l) be the first derivative of -3*l**2/2 + 6*l - 37376. Give t(u).
-9
Suppose -12*a = a - 39. Suppose 3*h = -a*q + 18, -q = h + 3*h - 21. Let i(s) = -3*s + 1 + s + s. Calculate i(q).
0
Let m(s) = s**2 - 7*s - 35. Suppose -171*n - 105*n - 1603 = -499. Give m(n).
9
Let n = 3994 + -3996. Let j(d) be the first derivative of -2*d + 5/2*d**2 - 3. Give j(n).
-12
Let b = 10658 + -10661. Let z(v) = -v**2 + v - 3. Calculate z(b).
-15
Let n(y) = -5*y**3 + 4*y**2 + 6*y - 2. Let x be (-3)/(-2)*(-8)/3 - -7. Let p(h) = 4*h**3 - 4*h**2 - 5*h + 2. Let m(u) = x*n(u) + 4*p(u). What is m(4)?
-6
Suppose -c - 49 + 137 = 0. Suppose -11*h + c = -0*h. Let t(l) = -l**3 + 9*l**2 - 11*l - 7. Determine t(h).
-31
Let d(i) = 3*i - 27. Let j = -515 - -587. Suppose -17*c + 23*c = j. What is d(c)?
9
Let h(o) be the third derivative of 0*o + 0 + 1/8*o**4 - 1/120*o**5 + 4*o**2 - 7/2*o**3. Let d(j) be the first derivative of h(j). Give d(6).
-3
Let n(v) = -v**3 - 20*v**2 - 37*v - 18. Let l be (-13 - -10) + (-6)/(-1) - 21. Determine n(l).
0
Let w be ((200/(-6))/(-10))/(2/3). Let f(a) be the second derivative of 7*a**3/6 + a**2 + 5*a. Let r(i) = -13*i - 5. Let h(b) = 7*f(b) + 4*r(b). Determine h(w).
-21
Let w(n) = -10*n**2 - 109*n + 3. Let u(t) = -t**2 - 16*t + 1. Let p(r) = -14*u(r) + 2*w(r). Determine p(3).
-44
Let m(d) be the third derivative of d**6/120 - 3*d**5/20 + 2*d**4/3 - 2*d**3 - 4527*d**2. Give m(8).
52
Let l be 1350/(-190) + 4 + (-370)/95 + 13. Let k(v) = 5*v**2 - 26*v - 7. What is k(l)?
17
Suppose -x + 3 = 1. Let d(c) = -4*c - 5*c + c**x - 161 + 178. Let q be d(6). Let v(m) = -4*m + 1. What is v(q)?
5
Let j(x) = -4*x + 5. Suppose -u - 18 = 5*t, 2*u + 5*t + 34 - 13 = 0. Let f(o) = 7*o - 9. Let n(z) = u*f(z) - 5*j(z). What is n(-6)?
8
Suppose 6*o - o + 5 = 0. Let n(h) = h + 7. Let i(q) = -q. Let a(v) = -6*i(v) - n(v). Let j(s) = -s + 1. Let c(g) = o*a(g) - 6*j(g). Calculate c(3).
4
Let l(q) = q**2 + 5*q + 6. Let j(k) = -2*k**2 + 74*k + 169. Let u be j(39). Let f = -22 + u. Determine l(f).
42
Let z(u) = u**2 - 3*u - 3. Let i = -110 - -120. Let w = 13 - i. Suppose -10 = -w*k + 8*k. What is z(k)?
7
Let z(n) = n + 8. Let d = -8454 + 8458. What is z(d)?
12
Let d(k) = 7*k - 54. Let j(c) = 32*c - 220. Let o(p) = -9*d(p) + 2*j(p). What is o(-14)?
32
Let v be (-8 - -6)*50/20. Let p(c) = 1 + 1 + 0 - 4*c. Determine p(v).
22
Let y(z) = z + 6. Suppose -15*n - 29 - 3 = 103. Calculate y(n).
-3
Suppose 8*l + 22 = -2*l + 21*l. Let f(y) = -16*y + 13. Determine f(l).
-19
Let x(t) be the third derivative of t**6/120 + t**4/6 + 7*t**3/6 - 1804*t**2 + 1. What is x(0)?
7
Let s(l) = -3*l - 9. Let b(t) = 4*t + 12. Let n be 5/(-1) - (-8 + 7). Let k(g) = n*b(g) - 5*s(g). What is k(2)?
-5
Let a(l) = -2*l**3 - 2*l - 1. Let q(i) be the second derivative of 19*i**3/6 - 3*i**2/2 - 21*i. Let d be q(-2). Let t = d - -40. Give a(t).
3
Let v(b) = 4 - 3 - b**3 + 0*b**3 + b**2. Let f(i) = 2*i + 6. Let y = 305 - 308. Let l be f(y). Determine v(l).
1
Let f(x) = -x - 1. Suppose 4*t = -56 + 256. Suppose -t*m = -49*m - 3. Let a(w) = 6*w + 5. Let o(s) = m*f(s) + a(s). Determine o(2).
8
Let v(m) = -3*m**3 - 25*m**2 - 10*m - 14. Let b be v(-8). Let h(c) = -b - 2*c + 2826*c**2 - 2828*c**2 + 3*c. Give h(1).
-3
Suppose -89*x + 96*x - 14 = 0. Let q(k) = 0*k**2 + k**3 + 4*k**x + 2313 - 2312 + k. Suppose 0*m + 3*m = -9. Calculate q(m).
7
Let n(a) = a**2 - 13*a + 32. Suppose 0 = -5*m + 10 + 40. Let z be n(m). Suppose -6*k + 7*k = 5*q + 4, -z*k + 8 = 5*q. Let g(f) = f**2 - f - 6. Calculate g(q).
-6
Suppose 4*i + 37 = -5*p + 5, 24 = -3*i - 5*p. Let n(l) = -22*l - 21*l + 79*l - 23*l - 14*l. Calculate n(i).
8
Let s(x) = 7*x**2 - 64*x + 173. Let c be s(6). Let f(b) = 10*b - 410. Give f(c).
0
Suppose -4*y = -y + 18. Let g(q) = -11*q**3 + 4*q**3 - 555*q + 6*q**3 + 4 - 6*q**2 + 557*q. Give g(y).
-8
Let j(r) be the second derivative of r**3/3 - 13*r**2/2 + 1742*r - 1. Suppose -12 = 5*x - 57. Calculate j(x).
5
Let b(y) = -y - 6. Let q be b(-9). Let x(r) = -r**q - 4 + 817*r + 0*r**2 - 2*r**2 - 814*r. Calculate x(-4).
16
Let x(j) = -11712*j + 3899*j + 74 + 3907*j + 3890*j. Calculate x(7).
-38
Let h = 7 - 11. Suppose -35*u = -54*u. Let c(v) = -4*v**2 - 7 + u - v**3 + 9 - 5. Calculate c(h).
-3
Let k(t) = 4*t**3 - 2*t**2 - t. Let b be ((-32)/(-10))/(4/10 + 0). Suppose 5*i + 3*l = -20, 2*i + 5*l + 19 = -b. Determine k(i).
-5
Suppose 5*b - 5*f = 20, -2*b + 14 - 8 = -f. Let j(q) = 0 + 1 + 5108*q**b + 2*q - 5109*q**2. What is j(2)?
1
Let v(p) = 2*p - 7. Let k be v(3). Let z(u) be the third derivative of 0*u**3 - 1/60*u**6 + 0 + 0*u - 1/24*u**4 - 1/30*u**5 - u**2. Calculate z(k).
1
Let u(y) = -y**3 + 7*y**2 + 7. Suppose -7*n + 2*i = -2*n - 10, 4*i = -2*n + 4. Let b = 9 + -6. Suppose n*v - b*v + 7 = 0. Calculate u(v).
7
Let n(t) = 20*t - 53. Let u be n(3). Let i(y) = -7*y - 11 + u*y - 3*y. Calculate i(-9).
16
Let t(u) be the third derivative of -u**5/60 + 25*u**4/24 - 7*u**3/3 + 887*u**2. Determine t(24).
10
Let s(d) = -6*d**2 - 33*d + 69. Let m be s(-7). Let n(h) = h**2 + 18*h - 140. What is n(m)?
4
Let q be ((1 + -2)*-42)/((-114)/(-304)). Suppose 7*u - q = -105. Let w(z) = z**3 + 1. Let m(y) = -10*y**3 - y**2 + 4. Let f(a) = -m(a) + 3*w(a). Calculate f(u).
13
Let j(z) = z**3 + 6*z**2 - 2*z + 28. Let l be j(-6). Let p(q) = -3*q + l - 28 + 3*q + 2*q. What is p(-5)?
2
Let p(v) be the first d